139?
False
Does 20 divide 51492048?
False
Is 14141669 a multiple of 6?
False
Does 24 divide 2975895?
False
Is 4527306150 a multiple of 30?
True
Does 934 divide 494176?
False
Does 8 divide 113735?
False
Is 352500820 a multiple of 422?
True
Is 369154069 a multiple of 271?
False
Is 113 a factor of 14450779?
True
Is 8126638 a multiple of 26?
True
Does 533 divide 1152468096?
False
Is 510 a factor of 1343474492?
False
Does 90 divide 116051940?
True
Is 457000135 a multiple of 149?
True
Is 1733 a factor of 199144562?
False
Is 927206286 a multiple of 56?
False
Is 272 a factor of 60204868?
False
Does 17 divide 4036106?
True
Is 371 a factor of 172097996?
True
Is 431 a factor of 371101874?
False
Does 19 divide 3927869582?
True
Is 349 a factor of 2225604410?
True
Does 26 divide 1364831212?
False
Is 9410069 even?
False
Is 4028 a factor of 69185310?
False
Does 547 divide 73546338?
True
Is 2652895 a multiple of 525?
False
Is 43 a factor of 2648568316?
True
Does 1082 divide 614583574?
True
Does 69 divide 441789?
False
Is 23 a factor of 60147973?
False
Is 26114796 a multiple of 12?
True
Is 1511383274 a multiple of 11?
False
Is 54 a factor of 289606791?
False
Is 887 a factor of 53526015?
True
Does 1019 divide 2493980277?
False
Does 44 divide 2160237331?
False
Is 8 a factor of 315538101?
False
Is 2441 a factor of 142258418?
False
Is 157 a factor of 4094809?
False
Does 8 divide 64503057?
False
Does 206 divide 19210118?
True
Does 269 divide 57233785?
True
Does 53 divide 524253899?
True
Does 374 divide 1192146692?
True
Does 2714 divide 256578846?
True
Is 10937344 a multiple of 128?
True
Is 28 a factor of 104471138?
False
Does 13 divide 5460747?
False
Is 12052405 a multiple of 17?
True
Does 144 divide 811837835?
False
Is 10160 a factor of 2566936487?
False
Is 35 a factor of 7727889?
False
Is 9 a factor of 223187362?
False
Does 9 divide 35028998?
False
Is 37 a factor of 836293?
False
Does 55 divide 19815752?
False
Is 118206324 a multiple of 27?
True
Is 2116904 a multiple of 2932?
True
Does 25 divide 248349396?
False
Does 5588 divide 4746173388?
True
Is 722 a factor of 30174741?
False
Is 353 a factor of 1432121?
True
Does 17 divide 39983388?
True
Is 5430336 a multiple of 882?
False
Is 143 a factor of 3475043?
True
Is 130 a factor of 31415410?
True
Is 423932986 a multiple of 3125?
False
Does 11 divide 500981921?
True
Is 7258104 a multiple of 14?
True
Is 21 a factor of 112370097?
True
Is 122577585 a multiple of 2751?
False
Is 28 a factor of 106708631?
False
Is 3185968317 a multiple of 357?
True
Is 29432351 a multiple of 13?
True
Is 857 a factor of 3087771?
True
Does 6 divide 822185444?
False
Is 3559 a factor of 385347736?
False
Is 14 a factor of 1088545454?
False
Does 26 divide 277090410?
False
Is 133375804 a multiple of 82?
False
Is 162648442 a multiple of 228?
False
Is 250386284 a multiple of 6?
False
Is 23 a factor of 17901830?
False
Is 126478539 a multiple of 33?
True
Is 517 a factor of 865719602?
True
Is 17 a factor of 22102244?
True
Is 1447522920 a multiple of 180?
True
Is 316554746 a multiple of 216?
False
Does 1276 divide 974457912?
False
Is 188 a factor of 137524256?
True
Is 1242 a factor of 22507373?
False
Does 7 divide 15865545?
False
Is 90 a factor of 104153643?
False
Is 6853 a factor of 323411811?
False
Is 7608 a factor of 3908891496?
True
Is 209 a factor of 11852158?
False
Is 302 a factor of 4183021342?
False
Is 37633456 a multiple of 772?
True
Does 130 divide 138978783?
False
Does 79 divide 73458643?
False
Is 1279 a factor of 732362750?
False
Is 25 a factor of 977486975?
True
Is 13 a factor of 95491786?
True
Does 257 divide 41481328?
False
Is 3831 a factor of 13942501?
False
Is 6316 a factor of 1610750532?
True
Does 56 divide 677219256?
True
Is 477 a factor of 48385621?
False
Is 8480 a factor of 627523678?
False
Is 190 a factor of 1762684567?
False
Is 129254579 a multiple of 22?
False
Is 426 a factor of 120204420?
True
Is 32007734 a multiple of 583?
False
Is 361622766 a multiple of 6370?
False
Is 205903103 a multiple of 907?
False
Is 32675645 a multiple of 5?
True
Is 67706471 a multiple of 13?
False
Does 9 divide 20294055?
True
Is 1076915604 a multiple of 156?
False
Is 1213 a factor of 4276597?
False
Is 59 a factor of 298368487?
True
Is 151341032 a multiple of 360?
False
Is 4855 a factor of 1232014510?
True
Is 395 a factor of 133950552?
False
Does 930 divide 365240982?
False
Does 296 divide 389284104?
True
Is 1733 a factor of 15230301?
False
Is 22180620 a multiple of 330?
True
Is 1284035760 a multiple of 5210?
True
Is 3503 a factor of 1520151371?
True
Is 6 a factor of 516327320?
False
Does 1281 divide 189301056?
True
Is 81890649 a multiple of 13?
False
Is 25 a factor of 22430879?
False
Does 4 divide 50446035?
False
Is 19 a factor of 42775520?
False
Does 65 divide 95122365?
True
Is 14978877 a multiple of 87?
True
Does 324 divide 819857730?
False
Is 58626932 a multiple of 26?
True
Does 370 divide 39571898?
False
Does 207 divide 39088497?
False
Is 394306900 a multiple of 317?
False
Is 5418336046 a multiple of 29?
True
Does 271 divide 37138234?
False
Does 1851 divide 721402264?
False
Is 8315230 a multiple of 35?
True
Is 756089043 a multiple of 8?
False
Is 242 a factor of 556600?
True
Does 139 divide 247745121?
True
Is 228752172 a multiple of 57?
True
Is 1462 a factor of 5561846475?
False
Does 10 divide 62618620?
True
Does 971 divide 39588641?
True
Is 13 a factor of 199701060?
True
Is 2685 a factor of 1041787676?
False
Is 8916130 a multiple of 277?
False
Is 1404323580 a multiple of 33?
True
Is 37921158 a multiple of 121?
True
Is 3249 a factor of 121837983?
False
Does 315 divide 22935780?
True
Is 5 a factor of 228634?
False
Is 35 a factor of 850291365?
True
Is 211 a factor of 227988073?
False
Is 53 a factor of 7659560?
True
Is 83228070 a multiple of 402?
True
Is 5099278 a multiple of 410?
False
Is 13 a factor of 1601453048?
True
Is 1255767128 a multiple of 4276?
True
Is 124 a factor of 23557768?
True
Is 428 a factor of 14724484?
True
Is 18 a factor of 7681069?
False
Is 420385112 a multiple of 34?
True
Is 39595366 a multiple of 334?
True
Is 463 a factor of 505039011?
True
Is 17575188 a multiple of 255?
False
Is 322 a factor of 2812797190?
True
Is 9 a factor of 112574868?
False
Does 14 divide 50590036?
True
Does 6 divide 2717356260?
True
Does 23 divide 1128171367?
True
Is 273470005 a multiple of 9?
False
Does 95 divide 12882570?
True
Is 8850845 even?
False
Does 1923 divide 60854253?
False
Is 1500 a factor of 19021500?
True
Is 82 a factor of 13326886?
True
Is 455111678 a multiple of 259?
False
Is 5006205 a multiple of 141?
True
Is 308353719 a multiple of 8?
False
Is 5893 a factor of 339520097?
False
Is 150 a factor of 58887600?
True
Is 286024 even?
True
Does 4 divide 134176965?
False
Is 70 a factor of 418935351?
False
Does 157 divide 530994390?
False
Is 275 a factor of 566007750?
True
Is 25860044 a multiple of 582?
False
Is 36 a factor of 50913227?
False
Is 3450 a factor of 5452144335?
False
Does 290 divide 211789320?
True
Is 19 a factor of 1138896195?
True
Does 14 divide 61772326?
True
Does 42 divide 294763490?
False
Is 6669 a factor of 321359103?
True
Does 100 divide 21863716?
False
Is 150 a factor of 1887701714?
False
Is 2692 a factor of 126730005?
False
Does 1737 divide 77645405?
False
Is 355 a factor of 612198609?
False
Is 58 a factor of 223618127?
False
Is 5 a factor of 88030946?
False
Is 456 a factor of 37571182?
False
Is 83766306 a multiple of 31?
False
Is 29346996 a multiple of 6?
True
Is 1609 a factor of 50794521?
True
Does 11 divide 550288602?
False
Is 171680937 a multiple of 1337?
False
Is 18991175 a multiple of 49?
True
Is 28500060 a multiple of 1814?
False
Does 6 divide 63873667?
False
Is 601 a factor of 22290218?
False
Does 168 divide 18137356?
False
Does 39 divide 20872059?
True
Is 2376376 a multiple of 58?
True
Does 71 divide 44126931?
False
Does 4 divide 4413044?
True
Is 1602 a factor of 2947680?
True
Is 59 a factor of 6853717?
False
Is 107728306 a multiple of 274?
True
Is 40286070 a multiple of 15?
True
Is 2249680 a multiple of 16?
True
Is 7411 a factor of 1605430108?
True
Is 48 a factor of 136130592?
True
Is 38 a factor of 393261360?
False
Is 12587636 a multiple of 24?
False
Does 188 divide 9427260?
True
Is 5 a factor of 60025395?
True
Is 8